by 10?
6
Let s = 42 - 20. Let q(t) = t**3 + 15*t**2 + 27*t + 30. Let c be (-6)/6 + 60/(-5). Calculate the remainder when s is divided by q(c).
5
Suppose -18*o - 17 + 1223 = 0. Let c = 189 - 170. Calculate the remainder when o is divided by c.
10
Suppose 6*u = u + 85. Suppose -18*g + u*g = -73. What is the remainder when g is divided by 0 + 0 - (-10 + -5)?
13
Let k(h) = h**3 + 6*h**2 - 6*h + 2. Let d be (63/28)/(6/(-16)). Suppose -4*n - 14 + 122 = q, 4*q = 3*n + 451. What is the remainder when q is divided by k(d)?
36
Calculate the remainder when (0 - (-369 + -1))*(852/60 + 8) is divided by 15.
9
Let s(o) = o**3 - 20*o**2 + 104*o + 6. What is the remainder when 1437 is divided by s(9)?
9
Suppose 0 = -2*n - o + 19609, 0 = n - o - 5979 - 3815. Calculate the remainder when n is divided by 12.
9
Let v(f) be the second derivative of -f**3/6 + 11*f**2/2 + 6*f - 4. What is the remainder when v(-15) is divided by 17?
9
Let f = -284 - -288. Suppose g = 1 + 4, f*r - 2*g - 458 = 0. Calculate the remainder when r is divided by 11.
7
Let x(t) = 14*t**2 + 5*t + 12. Let z(y) = -2. Let c(f) = x(f) + 4*z(f). Calculate the remainder when 204 is divided by c(-1).
9
Let f = 77 - 31. Suppose -4*u = 3*l - 852, -4*u - 384 = 4*l - 1224. Calculate the remainder when u is divided by f.
38
Let i be ((-480)/36)/(-10)*(-2202)/(-8). Suppose 103 = -11*m + i. Suppose 4*b + 2*g = 4*g + 168, -20 = -5*g. Calculate the remainder when b is divided by m.
20
Suppose 5*q + 16 = 7*q. Suppose 0 = 6*g - q*g + 24. Suppose -g*i = -13*i + 10. Calculate the remainder when 17 is divided by i.
7
Suppose -c + 5*v = -67, 0*v = 4*c + 5*v - 193. Let f = 62 + -74. Calculate the remainder when c is divided by -9*(-15)/9*f/(-20).
7
Let s(m) = m**3 - 185*m + 1634. What is the remainder when s(10) is divided by 40?
24
Calculate the remainder when 4411 is divided by ((-364)/(-65) - 5)*160.
91
What is the remainder when -394*(-1 + 2/4) is divided by (-396)/(-306)*3315/130?
32
Let f(u) = -5*u**3 + 51*u**2 - 6*u + 12. What is the remainder when 1206/15*20/8 is divided by f(10)?
45
Suppose -2*l + 72 = -5*f + 9*f, -l + 72 = 4*f. What is the remainder when 214 is divided by f?
16
Let j(l) = 11*l**2 - 3*l + 1. Let y be j(2). Suppose y = s + 2*s. Calculate the remainder when s is divided by 6 + (4 - 7)/((-7)/7*1).
4
Let m = -543 - -553. Suppose 82 = 3*w + 4*i, 13*w + i = m*w + 70. Calculate the remainder when 64 is divided by w.
20
Let p = -59 + 61. Suppose 0*j + 2*j + m - 24 = 0, -j + 22 = -p*m. Calculate the remainder when 27 is divided by j.
13
Let i(l) = l**3 - 6*l**2 - l - 8. Let n be i(7). Suppose 3*d = d + n. Let p = -105 + 155. Calculate the remainder when p is divided by d.
16
Let z be 172/((-3)/(45/10)*-3). Suppose 9*w - 293 + z = 0. Calculate the remainder when 43 is divided by w.
20
Let j = 6318 - 5574. Calculate the remainder when j is divided by 30.
24
Let n = -11 - -26. Suppose f + 3*y - 157 = 11, 0 = -5*f + 2*y + 857. Suppose 9*j = 6*j + f. Calculate the remainder when j is divided by n.
12
Let x(s) = -4*s + 7. Calculate the remainder when (70/4 - 1)*(-4 + (-78)/(-13)) is divided by x(-3).
14
Let c = 608 - 583. Suppose w - 5*w = -196. Calculate the remainder when w is divided by c.
24
Let y(i) = i**3 - 9*i**2 - 2*i + 26. Let n = 23 + -2. What is the remainder when 4 + (n - 2/(-1)) is divided by y(9)?
3
Suppose -a + 4*q + 449 = 0, 26*a - 25*a = -q + 449. What is the remainder when a is divided by 116?
101
What is the remainder when 30222 is divided by ((1274/56)/7)/(2/24)?
36
Let d(m) = 27*m + 1189. Calculate the remainder when d(-42) is divided by 32.
23
Suppose -2*o + 172 = -d, 0*o - 3*o - d + 268 = 0. Suppose -54*f = -58*f + o. Calculate the remainder when 218 is divided by f.
20
Suppose j + 3 = -t, -3*j + 2 = 4*t + 13. What is the remainder when (464/10)/(t/(-5)) is divided by 39?
38
Let o = -94 - -139. Suppose o = 4*t + 25. Calculate the remainder when 7 is divided by t.
2
Suppose 3*f + a = -457, -2*a - 556 - 54 = 4*f. Let u = f + 174. Calculate the remainder when u is divided by 13.
9
Let l(r) = 2*r + 28. Let z be l(-15). What is the remainder when z*1/2*(-19 + 0) is divided by 6 + (-1)/(-3 + 2)?
5
Let r be (1 - 24*4/15)*5. Let l = 292 + r. Calculate the remainder when l is divided by 45.
40
Suppose -29*u + 135 = -2*u. Suppose -2*v + 234 = -4*h, -4*h = 2*v - u*v + 353. What is the remainder when 360 is divided by v?
3
Let a = -850 - -871. What is the remainder when 260 is divided by a?
8
Let o = 5860 + -5811. What is the remainder when 477 is divided by o?
36
Let x(v) = 4*v**3 - v**2 + v. Let j be x(1). Suppose j*q = -0*q + 56. Let p = -14426 + 14453. What is the remainder when p is divided by q?
13
Let n(p) = 8*p**2 - 23*p - 157. What is the remainder when 562 is divided by n(-4)?
58
Let s be (1 + (-61)/3)*12/(-8). Suppose -7 = m + 7. Let c = m + s. What is the remainder when 25 is divided by c?
10
Suppose 0 = 29*j - 2952 - 1224. What is the remainder when 250 is divided by (-27)/(-4)*768/j?
34
Let b = 49 - 20. Calculate the remainder when b is divided by 149787/11748*(-4)/(-18)*6.
12
Suppose a - 151 = -i, 169*i - 405 = -3*a + 174*i. What is the remainder when a is divided by 122?
23
Let n be -3 + 165/((-9)/3). Let r = -30 - n. What is the remainder when r is divided by 35/2 - 8/(-64)*-12?
12
Let k = -2154 - -2249. What is the remainder when 106 is divided by k?
11
Suppose -26*q + 5*r - 4634 = -30*q, -3*q - 3*r = -3480. Calculate the remainder when q is divided by 16.
14
Let z(q) = q**3 + 18*q**2 - 27*q + 286. What is the remainder when 2937 is divided by z(-20)?
25
Suppose 4*j - 543 - 161 = 0. Let k(m) = -m**2 + 784*m + 9600. What is the remainder when j is divided by k(-12)?
32
Let i(m) = 3*m**2 - 6*m + 40. Calculate the remainder when 164 is divided by i(5).
79
Suppose -8*v = -4*v + 20. Let g(x) = -7*x - 203 + 104 + 98. Calculate the remainder when g(v) is divided by 12.
10
What is the remainder when -5 + 5 + (-1)/((-7)/1057) is divided by 148?
3
Suppose -3276 = 3*k - 2226. What is the remainder when (-55972)/k + (-4)/(-50) is divided by 49?
13
Let r = -98 - -106. Suppose 0 = j - r + 4. Let c(b) = 14*b - 34. What is the remainder when c(j) is divided by 6?
4
What is the remainder when 1432 is divided by (-46 + -24)*7/(-2)?
207
Let y(r) = -275*r + 26439. Let j = 12 - 4. Calculate the remainder when y(96) is divided by j.
7
Let h(r) = 2*r**2 + 13*r - 26. Let i be h(-15). Let j = i - 198. Calculate the remainder when j is divided by 16.
15
Let c(a) = a**3 + 6*a**2 - 3*a. What is the remainder when 127 is divided by c(-4)?
39
Let h(a) = -44*a + 1285. Calculate the remainder when 250 is divided by h(29).
7
Let f = -11 + 5. Let q(d) = d**2 - 9*d - 6. Calculate the remainder when q(f) is divided by ((-232)/(-6))/(-2)*(195/10 - 21).
26
Let z(b) = 3 + 1 + 0 - b**2 + 6*b + 1. Let y be z(6). Suppose 0 = -g + y*g - 652. Calculate the remainder when g is divided by 41.
40
Suppose 1145 + 1114 = 3*t - 4*r, 4*t = -5*r + 3012. Suppose -2*c = 2*k - 122, -2*c + 0*c = 5*k - 296. What is the remainder when t is divided by k?
57
Suppose 51*i + 15506 = 255*i - 9586. Calculate the remainder when 602 is divided by i.
110
Suppose 0 = -5*s - 2*b + 180 + 482, -394 = -3*s - 2*b. Calculate the remainder when 509 is divided by s.
107
Let o(u) be the first derivative of -5*u**2 - 43*u - 55. Calculate the remainder when 20 is divided by o(-5).
6
Let x = 26060 - 25996. Suppose -10 = -2*k + 4*c, -5*c = -2*k + 3 + 4. Calculate the remainder when x is divided by k.
9
Let j(x) = -195*x - 675. What is the remainder when j(-5) is divided by 43?
42
Suppose -14 - 16 = 5*l. Let b = l - -20. Suppose -11*y + 3*y = -200. What is the remainder when y is divided by b?
11
What is the remainder when 2001 is divided by -12 - (12/2 + -12 - 10)?
1
Let j = 27760 + -27740. Calculate the remainder when 5290 is divided by j.
10
Let m(a) = 19*a - 224. Let b = -406 + 419. What is the remainder when 57 is divided by m(b)?
11
Let j(z) = 7*z**2 + z - 1. Let i be j(1). Suppose -3 = -5*r + i. Suppose 3*p - 5*g = -10, -p + 4*p = -r*g + 25. What is the remainder when 10 is divided by p?
0
Let m(c) = 155*c**2 + 9*c + 36. Suppose -u = -2*k + 571, k - 4*u + 3*u - 286 = 0. What is the remainder when k is divided by m(0)?
33
Let i be (6 - (-48)/(-6))